0/8*-1*k.
12
Let a = 11 - 7. Calculate the remainder when 27/2 - (-2)/a is divided by (2 - -2) + (-8 - -16 - 8).
2
Suppose 0 = v + v - 22. Let n(u) = 2*u**2 - 13. Let j be n(-4). What is the remainder when v is divided by (15 - j)*6/(-4)?
5
Let b(t) = 31*t - 63. What is the remainder when 66 is divided by b(3)?
6
Suppose h - 4*a + 16 = 2, -3*h - 4*a + 38 = 0. Suppose -3*j + h*j = 48. What is the remainder when 46 is divided by j?
14
Let v(b) = -b**3 + 8*b**2 - 6*b + 4. What is the remainder when v(5) is divided by ((-14)/(-7))/((-2)/(-17))?
15
Suppose 0 = -0*x + 5*x + 530. Let h be (-894)/15 - 6/15. Let i = h - x. What is the remainder when i is divided by 16?
14
Let c be 862/2 + 1 + -2. Calculate the remainder when 2/(c/107 - 4) is divided by 27.
26
Let g = -1711 + 1717. Calculate the remainder when (-6)/9 - 176/(-3) is divided by g.
4
Suppose 4*w + 84 = -5*n + 752, -284 = -2*n + 4*w. Calculate the remainder when n is divided by 36.
28
Let z = 1020 + -942. What is the remainder when z is divided by 14?
8
Let k = 1866 + -1855. What is the remainder when 757 is divided by k?
9
Let o = -11 + 16. Suppose 0 = o*q - 0*q + 15, -2*q = -3*r + 96. What is the remainder when r is divided by 11?
8
Let q = 1083 - 1077. What is the remainder when 130 is divided by q?
4
Let g(z) = z**3 - 29*z**2 + 202*z + 29. Suppose 0 = -j + 8 + 8. Calculate the remainder when j is divided by g(12).
1
Suppose 2*t - 9 = i, -2*t = -i - i - 4. What is the remainder when 15 is divided by (1 + -9)/(t/(35/(-5)))?
7
Let r(n) = 24*n**2 - n - 1. Let j be r(-1). Suppose 25*c = j*c + 20. Calculate the remainder when c is divided by 16.
4
Let f(l) = -2*l**2 - 67*l - 193. Calculate the remainder when 25 is divided by f(-30).
8
Let w be (-1)/(-2)*(13 + -23). Let k(h) = -2*h + 1. Let x(n) = n. Let z(v) = k(v) - 2*x(v). Calculate the remainder when z(w) is divided by 6.
3
Let r be 4 + (2 - 62) - -2. Let c = r + 96. Suppose 0 = l + 3*v, -3*l + c = -9*v + 4*v. Calculate the remainder when l is divided by 5.
4
Suppose -y + 44 = -5*j, -2*y + 22 = 3*j - 14. What is the remainder when 84 is divided by y?
12
Suppose -4*n - 12788 = -4*h, -4*n + 0*h = h + 12778. What is the remainder when 4/(-26) - n/65 is divided by 10?
9
Suppose -207 = -13*a + 8*a + b, 123 = 3*a - b. Calculate the remainder when 165 is divided by a.
39
Suppose 52 = 2*q + 16. Calculate the remainder when 142 is divided by q.
16
Let z = 138 - 133. Suppose -5*u - 3*r = -29, -z*r = u - 2*r - 1. Let b = -57 - -82. What is the remainder when b is divided by u?
4
Suppose 583 - 199 = 8*h. Calculate the remainder when h is divided by 10.
8
Suppose t + 2 = 6. Let q(j) = -j**3 + 3*j**2 + 6*j - 5. Let d be q(t). Suppose 0 = -i - d*i + 124. Calculate the remainder when i is divided by 17.
14
Let b(s) = 24*s**3 - 3*s + 1. Let w be b(2). Suppose w + 101 = 18*h. What is the remainder when 79 is divided by h?
15
Calculate the remainder when 15 is divided by (-12)/(-10)*10/(-3)*-2.
7
Let d(y) = y + 4. Let n be d(-3). Suppose -n = o - 3. Suppose 0 = -3*x - o*x + 40. Calculate the remainder when 37 is divided by x.
5
Let q be 770/(-65) - (-2)/(-13). Calculate the remainder when ((-125)/(-20))/((-3)/q) is divided by 13.
12
Calculate the remainder when 333 is divided by -1 + -4 + 45 + 2.
39
Suppose 4 = 3*r - r. Suppose -4*p = -p - 3*q - 45, 0 = p - r*q - 13. Calculate the remainder when (-130)/(4*(-5)/10) is divided by p.
14
Suppose -m - 36 = -7*m. Suppose -a + 6 = w, w = m*w - 20. Suppose 5*r + a*d - 557 + 141 = 0, 4*d - 244 = -3*r. Calculate the remainder when r is divided by 17.
16
Let j(v) be the first derivative of 2*v**2 - 9*v + 5. Let p be j(8). Suppose 6 = x - p. What is the remainder when x is divided by 10?
9
Let l = 14 - 12. Suppose -5*m + 156 = -l*m. Let q = m - 29. What is the remainder when q is divided by 13?
10
Suppose 132 + 134 = 14*w. Let f(v) = -24*v + 2. Let i = -7 - -4. Calculate the remainder when f(i) is divided by w.
17
Suppose 7*f - 86 = 264. What is the remainder when f is divided by 10?
0
Suppose -5*b = -3*b. Let u be (b - -28)*3/2. Let t = u + -17. What is the remainder when t is divided by 9?
7
Suppose 0 = 4*x - 20, -3*o + 0*x = -4*x + 14. Let t be 2/(8/28)*o. Let d = 25 - t. Calculate the remainder when 19 is divided by d.
8
Suppose -5*u - 99 + 49 = 0. Let n(p) = -p**2 - p. Let t be n(-1). Let f = t - u. What is the remainder when 17 is divided by f?
7
Let i = -33 - -37. Calculate the remainder when 9 is divided by 2 + i*4/16.
0
Suppose 4*v + 97 - 120 = -5*k, -2*k + 2 = -2*v. What is the remainder when 22 is divided by k?
1
What is the remainder when -34 + 106 - (0 + 1) is divided by 38?
33
Suppose x + 3*x - 244 = -3*c, 4*x = 3*c - 260. Suppose 11*g = 279 + c. Calculate the remainder when g is divided by 19.
14
Let w(f) = f. Let p be w(5). Let k = p - -13. What is the remainder when -34*(3 + k/(-4)) is divided by 18?
15
What is the remainder when 164 is divided by (-13)/(-91) - 566/(-7)?
2
Let v(i) = 4*i**3 - 20*i**2 + 16*i - 2. Let j(h) = -7*h**3 + 40*h**2 - 33*h + 5. Let m(l) = 3*j(l) + 5*v(l). What is the remainder when 14 is divided by m(19)?
4
Let l = -105 + 57. Let v = 69 + l. What is the remainder when v is divided by 9?
3
Let m(h) = -h**2 + 31*h + 24. Calculate the remainder when m(31) is divided by 5.
4
Suppose -5*s + 119 = -3*f - 61, 94 = 3*s + f. What is the remainder when 123 is divided by s?
24
Let k be 4/6*(-3 + 4 - -5). Suppose 0 = -k*o + 13*o - 171. Calculate the remainder when 92 is divided by o.
16
Let l = -2 - -2. Suppose -3*x - 3 = l, -4*o + 52 = 3*x + x. Suppose 0 = -4*t + o + 66. What is the remainder when 38 is divided by t?
18
Let o(a) = 4*a**3 - 3*a**2 + a + 4. Let b be o(2). Let l = -25 + b. What is the remainder when 2 is divided by l?
0
Let s(q) = 4*q**2 - 3*q - 3. Let w(i) be the second derivative of i**4/12 - 2*i**3 + 22*i**2 + 3*i. What is the remainder when s(4) is divided by w(9)?
15
Let y(b) = 9*b + 1. Calculate the remainder when y(6) is divided by 11/(55/(-28))*30/(-12).
13
Let z be (-5)/(((-5)/(-4))/5). Let m(w) = -5*w + 20. What is the remainder when m(-8) is divided by 3/(-5) - 432/z?
18
Suppose 3*q + a - 23 = 0, -q + 5 = -a - 4. Calculate the remainder when 18 is divided by q.
2
Let r(u) = -u**3 + 11*u**2 - 31*u + 11. What is the remainder when (40 - (-1 - 1)) + -2 is divided by r(5)?
4
Let n(r) = -9*r - 114. Calculate the remainder when n(-23) is divided by 26.
15
Suppose y - 91 = -6*f + 11*f, 4*f = 12. What is the remainder when y is divided by 14?
8
Let b(m) = 6*m - 165. Calculate the remainder when 14 is divided by b(29).
5
Let d = 20 + -11. Suppose 0 = -4*o - 4*j - 15 - 13, 5*j = o - 17. Calculate the remainder when (-4 - -21)*(o - -4) is divided by d.
8
Suppose 0 = -25*z + 2360 + 3890. Calculate the remainder when z is divided by 40.
10
Let n(j) = j**2 - 14*j - 18. What is the remainder when n(17) is divided by 8 - (-36)/(-6) - -10?
9
Suppose 5*l - 217 = -4*g - 0*l, -5*g = -l - 264. Calculate the remainder when 58 is divided by g.
5
Let c(h) = 5*h**2 + 22*h + 15. Suppose s + 30 = 5*v, -2*s + 3*v - 7 = 18. Calculate the remainder when 56 is divided by c(s).
26
Let b be 9*(-3)/12*-4. Suppose -4*m - b = -49. What is the remainder when 69 is divided by m?
9
Let o be 3/((-1100)/(-544) + -2). Let b = o - 87. What is the remainder when b is divided by 17?
15
Suppose -2*x + 4*x = -3*n + 41, -n = -2*x + 53. Suppose -4*b - x = -5*z - 7*b, -z + 3*b = -23. What is the remainder when 55 is divided by z?
7
Suppose -14*i - 16 = -15*i. What is the remainder when i is divided by 4?
0
Suppose -67 = -4*r + 13. Calculate the remainder when 337 is divided by r.
17
Suppose 4*t + 269 = 1409. Let g = -120 + t. Suppose 0 = 5*h + 4*j - g, -3*j = 5*h + 79 - 244. Calculate the remainder when h is divided by 12.
9
Suppose 2*m - 14 = 24. Suppose -9*p = 3617 + 1468. Calculate the remainder when (1 - 3)/(p/140 + 4) is divided by m.
18
Let c(u) be the second derivative of 1/2*u**3 + 0 - 5*u**2 + u. What is the remainder when 48 is divided by c(9)?
14
Suppose 3*t = -4*y + 445, t = 2*y - 80 - 145. What is the remainder when y is divided by 12?
4
Suppose 10*z + 30 = 25*z. What is the remainder when 36 is divided by z?
0
Let h = -504 + 547. Let r = -6 + 28. Calculate the remainder when h is divided by r.
21